{"id":104,"date":"2020-09-14T19:34:16","date_gmt":"2020-09-14T17:34:16","guid":{"rendered":"http:\/\/madascota.com\/?page_id=104"},"modified":"2020-09-19T20:43:30","modified_gmt":"2020-09-19T18:43:30","slug":"conditions-dadoption","status":"publish","type":"page","link":"https:\/\/madascota.com\/index.php\/conditions-dadoption\/","title":{"rendered":"Conditions d&rsquo;adoption"},"content":{"rendered":"\n<h3 class=\"has-text-align-center wp-block-heading\">N\u2019oubliez pas, l\u2019adoption est un acte r\u00e9fl\u00e9chi !<\/h3>\n\n\n\n<p>Adopter un chien doit, en effet, \u00eatre un geste civique et responsable. <strong>Vous vous engagez sur plusieurs ann\u00e9es (une quinzaine si vous adoptez un jeune chien) durant lesquelles il faudra le sortir, le nourrir, l\u2019\u00e9duquer et assumer ses soins v\u00e9t\u00e9rinaires.<\/strong><\/p>\n\n\n\n<p>Les animaux que nous mettons \u00e0 l\u2019adoption ont pour la plupart d\u00e9j\u00e0 beaucoup souffert ; c\u2019est pourquoi nous mettons un point d\u2019honneur \u00e0 leur trouver une famille qui leur corresponde au mieux. Le caract\u00e8re de l\u2019animal doit \u00eatre compatible avec le mode de vie de l\u2019adoptant.<\/p>\n\n\n\n<p>En tant qu\u2019association de protection animale, mais surtout amoureux de la cause animale, nous nous sommes engag\u00e9s \u00e0 offrir le meilleur \u00e0 nos petits rescap\u00e9s. En signant avec Madascota, vous rejoignez notre grande famille et vous vous engagez \u00e0 respecter le pacte moral qui nous lie \u00e0 nos petits prot\u00e9g\u00e9s.<\/p>\n\n\n\n<h2 class=\"wp-block-heading\">Les frais d\u2019adoption<\/h2>\n\n\n\n<p>L\u2019association ne fait pas de profit sur les frais d&rsquo;adoption. Les montants demand\u00e9s constituent une participation aux frais engag\u00e9s par Madascota pour les actes v\u00e9t\u00e9rinaires (st\u00e9rilisation, identification, vaccination, soins potentiels) et autres frais (vermifuge, nourriture, frais de fonctionnement\u2026), et ne repr\u00e9sentent qu&rsquo;une partie des montants d\u00e9pens\u00e9s.<\/p>\n\n\n\n<p><strong><span style=\"text-decoration: underline;\">CHIOTS<\/span><\/strong><br>Les frais s\u2019\u00e9l\u00e8vent \u00e0 350 \u20ac.<\/p>\n\n\n\n<p><strong><span style=\"text-decoration: underline;\">CHIENS ADULTES<\/span><\/strong><br>Les frais s\u2019\u00e9l\u00e8vent \u00e0 300 \u20ac.<\/p>\n\n\n\n<p><strong><span style=\"text-decoration: underline;\">CHATONS<\/span><\/strong><br>Les frais s\u2019\u00e9l\u00e8vent \u00e0 250 \u20ac.<\/p>\n\n\n\n<p><span style=\"text-decoration: underline;\"><strong>CHATS ADULTES<\/strong><\/span><br>Les frais s\u2019\u00e9l\u00e8vent \u00e0 200 \u20ac.<\/p>\n\n\n\n<p><span style=\"text-decoration: underline;\"><strong>ANIMAUX HANDICAPES<\/strong><\/span><br>Don libre<\/p>\n\n\n\n<p>Les animaux \u00e0 l\u2019adoption sont d\u00e9parasit\u00e9s (interne\/externe) vaccin\u00e9s et identifi\u00e9s. La st\u00e9rilisation est obligatoire et est \u00e0 la charge de l\u2019adoptant.<\/p>\n\n\n\n<p>Un ch\u00e8que de caution de 350 \u20ac sera demand\u00e9, et restitu\u00e9 sur pr\u00e9sentation d\u2019une copie de la facture du v\u00e9t\u00e9rinaire qui aura proc\u00e9d\u00e9 \u00e0 la st\u00e9rilisation\/castration vers l\u2019\u00e2ge de 5 ou 6 mois.<\/p>\n\n\n\n<h2 class=\"wp-block-heading\">Les d\u00e9marches<\/h2>\n\n\n\n<p>Dans un premier temps, un questionnaire de pr\u00e9-adoption est \u00e0 remplir en ligne. Nous connaissons bien nos chiens et chats (leur caract\u00e8re, leurs besoins, leurs ententes, leurs qualit\u00e9s, leurs d\u00e9fauts\u2026) aussi nous faisons en sorte que le risque d\u2019\u00e9chec apr\u00e8s une adoption soit le plus minime possible. Pour cela il nous faut conna\u00eetre le candidat \u00e0 l\u2019adoption, son mode de vie et son environnement. C\u2019est pourquoi le questionnaire est tr\u00e8s d\u00e9taill\u00e9.<\/p>\n\n\n\n<p>Chaque demande sera \u00e9tudi\u00e9e scrupuleusement en fonction des crit\u00e8res \u00e9num\u00e9r\u00e9s cidessus. Si votre dossier est retenu, une pr\u00e9-visite sera alors programm\u00e9e avec l\u2019\u00e9quipe de Madascota. Tous les membres de la famille adoptante devront alors \u00eatre l\u00e0.<\/p>\n\n\n\n<p>Une fois la pr\u00e9-visite valid\u00e9e, un contrat d\u2019adoption sera remis \u00e0 la famille avant que l\u2019animal soit confi\u00e9 aux adoptants. L\u2019adoption va en effet de pair avec la signature d\u2019un contrat qui stipule vos engagements vis \u00e0 vis de l\u2019animal et de l\u2019association. Il vous est g\u00e9n\u00e9ralement demand\u00e9 de faire st\u00e9riliser l\u2019animal si ce n\u2019est d\u00e9j\u00e0 fait, de pr\u00e9venir Madascota de vos nouvelles coordonn\u00e9es en cas de changement de domicile ou de num\u00e9ro de t\u00e9l\u00e9phone.<\/p>\n\n\n\n<p>Pour la r\u00e9daction du contrat, divers \u00e9l\u00e9ments seront demand\u00e9s (Carte Nationale d\u2019Identit\u00e9, justificatif de domicile de moins de 3 mois, un ch\u00e8que de caution de 350 \u20ac).<\/p>\n\n\n\n<h2 class=\"wp-block-heading\">Post-adoption<\/h2>\n\n\n\n<ul><li>Madascota est une grande et belle famille. En adoptant un petit rescap\u00e9, vous en devenez membre et nous serions heureux de recevoir r\u00e9guli\u00e8rement de vos nouvelles et des nouvelles de votre nouveau compagnon.<\/li><li>Si vous d\u00e9cidiez de vous s\u00e9parer de l\u2019animal, pour quelques raisons que ce soit, vous devrez <strong><em>obligatoirement<\/em><\/strong> le restituer \u00e0 l\u2019association.<\/li><li>L\u2019association se r\u00e9serve le droit de r\u00e9cup\u00e9rer l\u2019animal si elle constate que l\u2019\u00e9tat de sant\u00e9 ou les conditions de vie de son ancien pensionnaire dans son nouvel environnement met en danger son devenir.<\/li><\/ul>\n\n\n\n<p>Vous souhaitez adopter ? Remplissez notre formulaire de pr\u00e9-adoption en <a rel=\"noreferrer noopener\" href=\"http:\/\/madascota.com\/index.php\/formulaire-de-pre-adoption\/\" data-type=\"page\" data-id=\"106\" target=\"_blank\">cliquant ici<\/a>.<\/p>\n\n\n\n<div class=\"wp-block-image\"><figure class=\"alignleft size-large is-resized\"><a href=\"https:\/\/www.facebook.com\/Madascota-Animal-Aid-107926887629971\" target=\"_blank\" rel=\"noopener noreferrer\"><img loading=\"lazy\" decoding=\"async\" src=\"http:\/\/madascota.com\/wp-content\/uploads\/2020\/09\/facebook-1-1024x1024.jpg\" alt=\"\" class=\"wp-image-175\" width=\"58\" height=\"58\" srcset=\"https:\/\/madascota.com\/wp-content\/uploads\/2020\/09\/facebook-1-1024x1024.jpg 1024w, https:\/\/madascota.com\/wp-content\/uploads\/2020\/09\/facebook-1-300x300.jpg 300w, https:\/\/madascota.com\/wp-content\/uploads\/2020\/09\/facebook-1-150x150.jpg 150w, https:\/\/madascota.com\/wp-content\/uploads\/2020\/09\/facebook-1-768x768.jpg 768w, https:\/\/madascota.com\/wp-content\/uploads\/2020\/09\/facebook-1-1536x1536.jpg 1536w, https:\/\/madascota.com\/wp-content\/uploads\/2020\/09\/facebook-1.jpg 1600w\" sizes=\"(max-width: 58px) 100vw, 58px\" \/><\/a><\/figure><\/div>\n\n\n\n<div class=\"wp-block-image\"><figure class=\"alignleft size-large is-resized\"><img loading=\"lazy\" decoding=\"async\" src=\"http:\/\/madascota.com\/wp-content\/uploads\/2020\/09\/Instagram-1-edited.jpg\" alt=\"\" class=\"wp-image-177\" width=\"57\" height=\"57\" srcset=\"https:\/\/madascota.com\/wp-content\/uploads\/2020\/09\/Instagram-1-edited.jpg 391w, https:\/\/madascota.com\/wp-content\/uploads\/2020\/09\/Instagram-1-edited-300x300.jpg 300w, https:\/\/madascota.com\/wp-content\/uploads\/2020\/09\/Instagram-1-edited-150x150.jpg 150w\" sizes=\"(max-width: 57px) 100vw, 57px\" \/><\/figure><\/div>\n\n\n\n<div class=\"wp-block-image\"><figure class=\"alignleft size-large is-resized\"><a href=\"http:\/\/madascota.com\/index.php\/contact\/\" target=\"_blank\" rel=\"noopener noreferrer\"><img loading=\"lazy\" decoding=\"async\" src=\"http:\/\/madascota.com\/wp-content\/uploads\/2020\/09\/Mail-1-1024x1024.jpg\" alt=\"\" class=\"wp-image-178\" width=\"61\" height=\"61\" srcset=\"https:\/\/madascota.com\/wp-content\/uploads\/2020\/09\/Mail-1-1024x1024.jpg 1024w, https:\/\/madascota.com\/wp-content\/uploads\/2020\/09\/Mail-1-300x300.jpg 300w, https:\/\/madascota.com\/wp-content\/uploads\/2020\/09\/Mail-1-150x150.jpg 150w, https:\/\/madascota.com\/wp-content\/uploads\/2020\/09\/Mail-1-768x768.jpg 768w, https:\/\/madascota.com\/wp-content\/uploads\/2020\/09\/Mail-1.jpg 1200w\" sizes=\"(max-width: 61px) 100vw, 61px\" \/><\/a><\/figure><\/div>\n\n\n\n<div class=\"wp-block-image\"><figure class=\"alignleft size-large is-resized\"><a href=\"https:\/\/www.helloasso.com\/associations\/madascota-animal-aid\"><img loading=\"lazy\" decoding=\"async\" src=\"http:\/\/madascota.com\/wp-content\/uploads\/2020\/09\/HelloAsso-edited.jpg\" alt=\"\" class=\"wp-image-215\" width=\"55\" height=\"55\" srcset=\"https:\/\/madascota.com\/wp-content\/uploads\/2020\/09\/HelloAsso-edited.jpg 201w, https:\/\/madascota.com\/wp-content\/uploads\/2020\/09\/HelloAsso-edited-150x150.jpg 150w\" sizes=\"(max-width: 55px) 100vw, 55px\" \/><\/a><\/figure><\/div>\n\n\n\n<div class=\"wp-block-image\"><figure class=\"alignleft size-large is-resized\"><a href=\"https:\/\/www.teaming.net\/madascotaanimalaid\"><img loading=\"lazy\" decoding=\"async\" src=\"http:\/\/madascota.com\/wp-content\/uploads\/2020\/09\/Teaming-edited.png\" alt=\"\" class=\"wp-image-218\" width=\"54\" height=\"54\" srcset=\"https:\/\/madascota.com\/wp-content\/uploads\/2020\/09\/Teaming-edited.png 267w, https:\/\/madascota.com\/wp-content\/uploads\/2020\/09\/Teaming-edited-150x150.png 150w\" sizes=\"(max-width: 54px) 100vw, 54px\" \/><\/a><\/figure><\/div>\n","protected":false},"excerpt":{"rendered":"<p>N\u2019oubliez pas, l\u2019adoption est un acte r\u00e9fl\u00e9chi ! Adopter un chien doit, en effet, \u00eatre &hellip; <\/p>\n","protected":false},"author":1,"featured_media":0,"parent":0,"menu_order":0,"comment_status":"closed","ping_status":"closed","template":"","meta":{"footnotes":""},"_links":{"self":[{"href":"https:\/\/madascota.com\/index.php\/wp-json\/wp\/v2\/pages\/104"}],"collection":[{"href":"https:\/\/madascota.com\/index.php\/wp-json\/wp\/v2\/pages"}],"about":[{"href":"https:\/\/madascota.com\/index.php\/wp-json\/wp\/v2\/types\/page"}],"author":[{"embeddable":true,"href":"https:\/\/madascota.com\/index.php\/wp-json\/wp\/v2\/users\/1"}],"replies":[{"embeddable":true,"href":"https:\/\/madascota.com\/index.php\/wp-json\/wp\/v2\/comments?post=104"}],"version-history":[{"count":5,"href":"https:\/\/madascota.com\/index.php\/wp-json\/wp\/v2\/pages\/104\/revisions"}],"predecessor-version":[{"id":230,"href":"https:\/\/madascota.com\/index.php\/wp-json\/wp\/v2\/pages\/104\/revisions\/230"}],"wp:attachment":[{"href":"https:\/\/madascota.com\/index.php\/wp-json\/wp\/v2\/media?parent=104"}],"curies":[{"name":"wp","href":"https:\/\/api.w.org\/{rel}","templated":true}]}}